ve of -5*v**3/6 + v**2 - 10*v. Let z(f) = f - 7. Let a be z(9). Let y be (2/(-6))/(a/(-12)). Give d(y).
-8
Let k(b) = b**3 + 8*b**2 + 14*b - 3. Let q(x) = 3*x**3 + 45*x**2 + 3*x + 40. Let m be q(-15). Calculate k(m).
2
Let k = -65 - -57. Let z(i) = i**2 + 8*i + 9. What is z(k)?
9
Let x(l) = l**2 - 5*l - 10. Suppose z = 3*h - 82 - 97, 10 = -2*z. Suppose 15*q = 47 + h. Give x(q).
4
Let m be (-12)/(-9)*((-30)/4)/(-5). Let x(w) = 164*w**3 - 1 - 165*w**3 - 4*w + 3 + 5*w**2. Calculate x(m).
6
Let k(f) = 4*f**2 + 29*f + 0 - 21*f - 12*f + 2. Let d(x) = -x**2. Let p(m) = -3*d(m) - k(m). Determine p(3).
1
Let b(c) = c**3 - 5*c**2 - 6*c. Let k be b(6). Let t = 15 + -13. Let v(y) = 33 + y - 17 - 13 - y**t. Calculate v(k).
3
Let o(x) = x**3 + 7*x**2 - 6*x + 10. Let i be -6*(68/6 + -10). Calculate o(i).
-6
Let a be 9 + -11 + 8 - (2 - 5). Let i(r) = -4*r + 29. Give i(a).
-7
Let z be 5/((-75)/6)*-10. Suppose v = z*v - 12. Let h(c) = -5*c - 3*c - 4 + 2*c - 1 + c**2. Give h(v).
-13
Let g(z) = 17*z**2 + 11*z - 24. Let q(p) = -14*p**2 - 13*p + 23. Let b(n) = -5*g(n) - 6*q(n). Calculate b(22).
4
Let i be 16/24 - (-152)/(-3). Let z be (0 - 2)/(4/i). Suppose 2*v - 13 = -z. Let q(d) = d**3 + 7*d**2 + 7*d + 9. Calculate q(v).
3
Let a(d) = 5*d**2 - d - 1. Suppose -4*k + 18 = 9*m - 7*m, 0 = -3*k - 2*m + 15. Suppose k*h - 27 = -30. Give a(h).
5
Let m(g) = 14*g**2 + 9 + 5*g**3 - 6*g**2 - 7*g - g**2. Let u(d) = 2*d**3. Let a(c) = -m(c) + 2*u(c). Let s = 6 + -14. Give a(s).
-1
Suppose 119*r - 141*r + 330 = 0. Let s(o) = -o + 12. Calculate s(r).
-3
Let k(h) = -h**3 - 4*h**2 - 3*h. Suppose 0 = 289*m - 284*m + 15. What is k(m)?
0
Let y(c) = 11*c. Let k(q) = -2*q - 2. Let l be k(-2). Calculate y(l).
22
Let k(v) be the first derivative of -v**3/3 - 2*v**2 - 2*v + 28. Determine k(-3).
1
Let w(b) be the second derivative of -b**3/6 + 4*b**2 + 2*b. Let q be 90/60 - ((-906)/(-4))/3. Let n = -70 - q. Give w(n).
4
Let u(p) = p**3 - 5*p**2 - 2*p - 1. Suppose 2*n = 3*d + 2*d - 36, 2*d - 3*n - 10 = 0. Let j be 36/d + 5/10. What is u(j)?
-11
Let r = 2037 - 2048. Let d(k) = -k**3 - 10*k**2 + 12*k + 7. What is d(r)?
-4
Let r(i) be the second derivative of -2*i**3/3 - i**2 - 126*i. Determine r(-4).
14
Let p(m) = 19*m - 1. Let i = -119 + 117. Determine p(i).
-39
Let l = -52 + 70. Let d = -19 + l. Let g(a) = -5*a - 1. What is g(d)?
4
Let g(z) be the first derivative of -z**4/4 - 3*z**2/2 - 4*z - 226. What is g(-2)?
10
Let b(c) be the third derivative of c**4/12 + 4*c**3/3 - 2*c**2. Let h = 105 + -111. What is b(h)?
-4
Let n(c) be the first derivative of -c**3/3 + c**2 - c - 65. What is n(6)?
-25
Let g(h) = 108*h + 327. Let o be g(-3). Let d(j) = 6*j - 3. Let t(i) = 7*i - 3. Let w(s) = 4*d(s) - 3*t(s). Calculate w(o).
6
Let a = -348 - -345. Let n(t) = t**3 + 3*t**2 + t - 2. What is n(a)?
-5
Suppose m + 3*m + 4 = 0. Let l(j) = -10*j**2 - 153*j + 11. Let g(h) = 5*h**2 + 68*h - 5. Let x(a) = 9*g(a) + 4*l(a). Give x(m).
4
Let v(m) = -m + 7. Suppose 4*b = 2*b. Suppose b = 3*k + 5*y - 26, 5*k = -0*k + 5*y - 10. Let c be (10 - (k + -4))/2. What is v(c)?
1
Let o(k) = -3*k - 10. Let z be o(-4). Suppose 10 = -2*q - z*w, -2*q - 6 = -4*w - 2. Let s be q - ((-2 - -1) + -5). Let t(d) = d**3 - 3*d**2 + d + 2. Give t(s).
0
Let d(y) = -y**3 - 9*y**2 + 11*y + 10. Let l be d(-10). Suppose l = 6*h + 65 - 5. Let x be 5/h + (-1)/2. Let q(j) = 3*j - 1. Give q(x).
-4
Let g(s) = -10*s**3 + 7*s**2 + 7*s. Let u(c) = -7*c**3 + 5*c**2 + 5*c. Let m(v) = 5*g(v) - 7*u(v). Give m(2).
-8
Suppose 2*x + 3 = -3*p, -2*x + 4 = -2. Let t(b) = 508*b + 7. Let d(h) = -113*h - 2. Let g(s) = -9*d(s) - 2*t(s). Determine g(p).
1
Let m = -7 - -9. Let j(t) = -8 + t**3 - 4*t**2 + m - t + 1 + 3. Calculate j(4).
-6
Let l(k) be the second derivative of -k**5/20 + 7*k**4/12 - k**3/3 + 3*k**2 - 212*k. What is l(7)?
-8
Let d(k) = -k**3 + 5*k**2 - 2*k + 6. Let q(b) = b**2 + 6*b - 2. Let m = -50 - -43. Let r be q(m). Determine d(r).
-4
Let y(b) = -6*b - 12. Suppose 47*p = 55*p + 24. Determine y(p).
6
Suppose -49 = -13*s - 49. Let j(w) = w - 21. Give j(s).
-21
Let d(r) be the third derivative of -r**6/120 - r**5/30 + r**4/24 - r**3/6 - 4*r**2 + r. Let y = 1 + -3. Let g be d(y). Let o(j) = -3*j - 3. What is o(g)?
6
Let n(j) = -2*j + 4. Let f(y) = -3*y + 81. Let i(h) = f(h) - 3*n(h). Give i(-23).
0
Suppose 4*b + 20 = 0, 0 = -j - b - 3 + 1. Let k(w) = -j*w**2 + 18 + 4*w**2 + 4*w - 26. Calculate k(-6).
4
Suppose 14*o + 1 = 13*o. Let j(d) = 5*d**3 + 2*d**2. Calculate j(o).
-3
Let r be ((-6)/10)/(-6 + 87/15). Let n(j) = 4*j**3 + 2*j**2 - 6*j - 3. Let v(h) = 3*h**3 + 3*h**2 - 6*h - 4. Let c(g) = r*v(g) - 2*n(g). What is c(-6)?
-6
Let m(z) be the second derivative of 0 - 1/12*z**4 - 2*z + 11/720*z**6 + 0*z**3 + 0*z**2 + 1/120*z**5. Let g(n) be the third derivative of m(n). What is g(-1)?
-10
Let t(y) = 2*y - y - 5*y**2 + 7*y - 3 + 4*y**2. Let p be (-76)/(-95) - (-4)/(-5) - -5. Calculate t(p).
12
Suppose 2*o - 2 = -2*v, -v - 3*o = 75 - 72. Let d(b) be the third derivative of b**4/8 + b**3/3 - b**2. Calculate d(v).
11
Let o(x) = -x**3 - 21*x**2 - x - 2 - 4*x + 28*x**2 - x - 1. Suppose 5*k + 48 = 183. Suppose -2*p - 2*u = -p - 16, -2*p - 3*u + k = 0. Calculate o(p).
-3
Suppose 3*x - 16 = 7*x. Let s(k) = -6 - 5*k**2 + 25*k - 33*k + 2. Let f(o) = -o**2 - o. Let w(j) = -4*f(j) + s(j). Give w(x).
-4
Let o be -2 + (-2)/(-3 + (-33)/(-12)). Let i(z) = -z**2 + 6*z - 7. Give i(o).
-7
Let q(u) = -u**2 + u + 4. Let v(k) = k**3 - 3*k**2 - 3*k - 4. Let m be 2 - (-1)/((-1)/8). Let a be (-16)/m*3/2. Let p be v(a). Give q(p).
4
Let s(q) = -12*q + 6. Suppose -39*u + 77 = -79. Give s(u).
-42
Let f(l) = l**3 + l - 14. Let b(c) = c**3 - 2*c - 6. Let j be b(-2). Let m = 7 + 3. Let o = j + m. Give f(o).
-14
Let d(n) = n**3 - 8*n**2 + 9*n - 5. Suppose 6*j = -4*j + 70. What is d(j)?
9
Suppose 2*n - 5*f = -2*n + 53, -n - 2*f + 23 = 0. Let y(a) = -5*a + 4. Let j(d) = -15*d + 11. Let c(v) = n*y(v) - 6*j(v). Determine c(2).
12
Let v(g) = 10*g + 3. Let r = 49 + -23. Suppose -j - 3*a - 14 = 0, a - 5*a - r = 5*j. Calculate v(j).
-17
Let o(n) = -4 - 19449*n + 2 + 19450*n. Suppose 12 = 5*j - 3. Calculate o(j).
1
Let p(j) be the second derivative of 0 + 4*j - 3/2*j**2 - 2/3*j**3 + 1/12*j**4. Give p(4).
-3
Let h(a) be the second derivative of a**4/12 + a**3 + 9*a**2/2 + 73*a. Calculate h(-6).
9
Let g(z) = -z**2 - 6*z - 1. Let l = 12 - 18. Let s be g(l). Let h = 2 - s. Let r(k) = k**3 - 3*k**2 - k. What is r(h)?
-3
Let i(c) = 54*c**3 + 7*c**3 - 45*c**3 - c. Calculate i(1).
15
Suppose -7*c = 4*c + 66. Let s(n) = -n**3 - 6*n**2 + 3*n + 3. Determine s(c).
-15
Let y = 7 + -4. Let o(v) = -4*v**2 + v**3 + 4 + v - 8 - y*v. Suppose -13 + 8 = -n. Calculate o(n).
11
Let v(r) = -7*r - 4 - r**2 + 11 + 2*r**2. Suppose -2*b + 11 = 1. Give v(b).
-3
Let a(p) = p**2 - 30*p + 2. Let l be a(30). Let k(c) = -2*c**2 + 3*c - 4. Give k(l).
-6
Let k(v) = 11*v**2 - 18*v - 15. Let r(b) = 5*b**2 - 9*b - 7. Let o(m) = 6*k(m) - 13*r(m). Calculate o(-7).
-13
Let i(j) = -10 + 81*j - 35*j - 2*j**2 - 36*j. What is i(3)?
2
Let r(t) = 25*t**2 + 17*t + 10. Let i(v) = -9*v**2 - 6*v - 4. Let a(g) = -11*i(g) - 4*r(g). Give a(-4).
-4
Let y(b) = -b**3 - 7*b**2 + 9*b + 9. Let p(j) = 2*j**3 + 6*j**2 - 10*j - 10. Let i(s) = 2*p(s) + 3*y(s). Let u(x) = -515*x + 5158. Let n be u(10). Give i(n).
-1
Let v(q) = -q + 58 - 58 + 3*q**2 - 19*q**3 - 3*q**2. Determine v(-1).
20
Let t(r) = -r**3 - 4*r**2 - 2*r + 2. Let i be t(-2). Let y be ((-1)/2)/((-3)/18). Let f(p) = -11 - y*p + 1 + 9 - p**2 + p**3. Calculate f(i).
-7
Let w(r) = r + 4. Let s = -3 + -5. Let p be s/28 - (-10)/35. Determine w(p).
4
Let u(f) = f**2 - f - 4. Let p(b) = b**2 + 5*b - 5. Let l be p(-6). Let m be 3 + 12/(-3) + l. Calculate u(m).
-4
Suppose 11*r = -22 - 0. Let v(f) = 4*f**3 + 16*f**2 - 29*f - 20. Let s(d) = d**3 + 4*d**2 - 7*d - 5. Let g(h) = r*v(h) + 9*s(h). Give g(-5).
-5
Suppose -6*d - 75 = 22*d - 215. Let f(l) = 2*l**3 + 3*l**2 - 6*l + 2. Let x(h) = 5*h**3 + 5*h**2 - 12*h + 5. Let q(v) = -7*f(v) + 3*x(v). Give q(d).
6
Let w be ((-4)/(-8))/((-2)/(-96)). Suppose -3*v - w = v + 4*k, 5*v - 6 = 4*k. Let d(o) = o - 1. Give d(v).
-3
Let o be -2 - (-1)/(-2)*-1*198. Let l(h) = o - 47 + h - 50. Suppose 0 = -5*j - 5*f - 39 - 11, -f - 5 = 0. Determine l(j).
-5
Suppose 16*o - 38*o